{"id":11,"date":"2020-10-14T08:54:19","date_gmt":"2020-10-14T11:54:19","guid":{"rendered":"http:\/\/covid19.mdn.unp.edu.ar\/wordpress\/?page_id=11"},"modified":"2020-10-16T08:08:16","modified_gmt":"2020-10-16T11:08:16","slug":"proyecto","status":"publish","type":"page","link":"https:\/\/covid19.mdn.unp.edu.ar\/?page_id=11","title":{"rendered":"Proyecto"},"content":{"rendered":"\n<h3><strong>AN\u00c1LISIS PROSPECTIVO INTELIGENTE DEL IMPACTO SOCIAL, ECON\u00d3MICO Y PRODUCTIVO DEL COVID-19 EN LA PROVINCIA DE CHUBUT<\/strong><\/h3>\n\n\n\n<p><strong>Directora: <\/strong>Dra. Mar\u00eda Florencia Del Castillo<\/p>\n\n\n\n<p><strong>Coordinador del Grupo de Inform\u00e1tica e Inteligencia de datos:<\/strong> Dr. Ing. Leonardo Ordinez<\/p>\n\n\n\n<p><strong>Coordinador del Grupo de An\u00e1lisis de Sistemas de Informaci\u00f3n Geogr\u00e1fica<\/strong>: Dr. Julio Lancelotti<\/p>\n\n\n\n<p><strong>Coordinador del Grupo de An\u00e1lisis Ambiental:<\/strong> Dr. Andr\u00e9s Bilmes<\/p>\n\n\n\n<p><strong>Coordinadora del Grupo de Investigaci\u00f3n en Salud:<\/strong> Dra. Virginia Ramallo<\/p>\n\n\n\n<p class=\"has-text-align-left\">La vida de las personas y el curso de las actividades y servicios no esenciales han sufrido cambios dr\u00e1sticos a partir del Decreto DECNU-2020-297-APN-PTE y sus normativas anexas de nivel provincial y\/o municipal en Chubut.&nbsp; Las medidas&nbsp; de Aislamiento Social, Preventivo y Obligatorio (ASPO) han generado y continuar\u00e1n generando desencadenantes de impacto social y econ\u00f3mico que necesitan ser identificados y monitoreados para proveer informaci\u00f3n a los formuladores de pol\u00edticas p\u00fablicas. Si bien existen herramientas y emprendimientos a nivel nacional,&nbsp; la provincia de Chubut necesita fortalecer el conjunto de instrumentos que sean capaces de determinar el c\u00famulo de variables involucradas, medirlas y transformarlas en indicadores cuantitativos y cualitativos que aporten a un tablero de an\u00e1lisis de impacto provincial.<\/p>\n\n\n\n<p class=\"has-text-align-left\">Este proyecto propone la construcci\u00f3n de conocimiento a partir de diferentes estrategias y herramientas de relevamiento de informaci\u00f3n y datos, que posibiliten un an\u00e1lisis, procesamiento y ponderaci\u00f3n de la situaci\u00f3n actual, as\u00ed como una predicci\u00f3n futura del estado de un territorio en t\u00e9rminos sociales, econ\u00f3micos y productivos, en virtud de una&nbsp; circunstancia sanitaria como la generada por el COVID-19. En particular se considerar\u00e1 la regi\u00f3n delimitada por los l\u00edmites geogr\u00e1ficos de la provincia del Chubut, ajustando la escala territorial a nivel de ciudades, pueblos,&nbsp; comunas rurales y potencialmente barrios y \u00e1reas rurales dispersas. La construcci\u00f3n de conocimiento, as\u00ed como su modelado y sistematizaci\u00f3n tienen el objetivo de servir de insumo para la toma de decisiones de los actores pol\u00edticos y sociales con capacidades para accionarlas. La construcci\u00f3n de modelos y la utilizaci\u00f3n de t\u00e9cnicas estad\u00edsticas y computacionales proporcionar\u00e1 las bases para el tratamiento espacio-temporal de los datos. Se prestar\u00e1 especial atenci\u00f3n a la poblaci\u00f3n vulnerable en el marco de la pandemia global, en virtud de tres necesidades.&nbsp;<\/p>\n\n\n\n<p class=\"has-text-align-left\">1- Dar seguimiento a la situaci\u00f3n espec\u00edfica de grupos vulnerables a partir de la l\u00ednea de base armada en el Informe de la Comisi\u00f3n de Ciencias Sociales de la Unidad COVID-19 del Mincyt en marzo del 2020<em>.&nbsp;<\/em><\/p>\n\n\n\n<p class=\"has-text-align-left\">2- Identificar necesidades espec\u00edficas en tiempo real, a partir de cartografiar tem\u00e1ticamente situaciones problem\u00e1ticas, actores intervinientes en la asistencia\u00a0 e identificaci\u00f3n de potenciales nudos cr\u00edticos de dicha asistencia (insuficiencia, superposici\u00f3n, falta de coordinaci\u00f3n).\u00a0<\/p>\n\n\n\n<p class=\"has-text-align-left\">3- Se buscar\u00e1 establecer en virtud de las dos estrategias previas, el impacto social y econ\u00f3mico sobre distintos actores en el territorio.<\/p>\n\n\n\n<div class=\"wp-block-file\"><a href=\"http:\/\/covid19.mdn.unp.edu.ar\/wp-content\/uploads\/2020\/10\/Brief-de-proyecto.pdf\">Resumen del Proyecto<\/a><a href=\"http:\/\/covid19.mdn.unp.edu.ar\/wp-content\/uploads\/2020\/10\/Brief-de-proyecto.pdf\" class=\"wp-block-file__button\" download>Descarga<\/a><\/div>\n","protected":false},"excerpt":{"rendered":"<p>AN\u00c1LISIS PROSPECTIVO INTELIGENTE DEL IMPACTO SOCIAL, ECON\u00d3MICO Y PRODUCTIVO DEL COVID-19 EN LA PROVINCIA DE CHUBUT Directora: Dra. Mar\u00eda Florencia Del Castillo Coordinador del Grupo de Inform\u00e1tica e Inteligencia de datos: Dr. Ing. Leonardo Ordinez Coordinador del Grupo de An\u00e1lisis de Sistemas de Informaci\u00f3n Geogr\u00e1fica: Dr. Julio Lancelotti Coordinador del Grupo de An\u00e1lisis Ambiental: Dr. [&hellip;]<\/p>\n","protected":false},"author":1,"featured_media":0,"parent":0,"menu_order":0,"comment_status":"closed","ping_status":"closed","template":"","meta":[],"_links":{"self":[{"href":"https:\/\/covid19.mdn.unp.edu.ar\/index.php?rest_route=\/wp\/v2\/pages\/11"}],"collection":[{"href":"https:\/\/covid19.mdn.unp.edu.ar\/index.php?rest_route=\/wp\/v2\/pages"}],"about":[{"href":"https:\/\/covid19.mdn.unp.edu.ar\/index.php?rest_route=\/wp\/v2\/types\/page"}],"author":[{"embeddable":true,"href":"https:\/\/covid19.mdn.unp.edu.ar\/index.php?rest_route=\/wp\/v2\/users\/1"}],"replies":[{"embeddable":true,"href":"https:\/\/covid19.mdn.unp.edu.ar\/index.php?rest_route=%2Fwp%2Fv2%2Fcomments&post=11"}],"version-history":[{"count":2,"href":"https:\/\/covid19.mdn.unp.edu.ar\/index.php?rest_route=\/wp\/v2\/pages\/11\/revisions"}],"predecessor-version":[{"id":72,"href":"https:\/\/covid19.mdn.unp.edu.ar\/index.php?rest_route=\/wp\/v2\/pages\/11\/revisions\/72"}],"wp:attachment":[{"href":"https:\/\/covid19.mdn.unp.edu.ar\/index.php?rest_route=%2Fwp%2Fv2%2Fmedia&parent=11"}],"curies":[{"name":"wp","href":"https:\/\/api.w.org\/{rel}","templated":true}]}}

<h3><strong>ANÁLISIS PROSPECTIVO INTELIGENTE DEL IMPACTO SOCIAL, ECONÓMICO Y PRODUCTIVO DEL COVID-19 EN LA PROVINCIA DE CHUBUT</strong></h3>



<p><strong>Directora: </strong>Dra. María Florencia Del Castillo</p>



<p><strong>Coordinador del Grupo de Informática e Inteligencia de datos:</strong> Dr. Ing. Leonardo Ordinez</p>



<p><strong>Coordinador del Grupo de Análisis de Sistemas de Información Geográfica</strong>: Dr. Julio Lancelotti</p>



<p><strong>Coordinador del Grupo de Análisis Ambiental:</strong> Dr. Andrés Bilmes</p>



<p><strong>Coordinadora del Grupo de Investigación en Salud:</strong> Dra. Virginia Ramallo</p>



<p class="has-text-align-left">La vida de las personas y el curso de las actividades y servicios no esenciales han sufrido cambios drásticos a partir del Decreto DECNU-2020-297-APN-PTE y sus normativas anexas de nivel provincial y/o municipal en Chubut.&nbsp; Las medidas&nbsp; de Aislamiento Social, Preventivo y Obligatorio (ASPO) han generado y continuarán generando desencadenantes de impacto social y económico que necesitan ser identificados y monitoreados para proveer información a los formuladores de políticas públicas. Si bien existen herramientas y emprendimientos a nivel nacional,&nbsp; la provincia de Chubut necesita fortalecer el conjunto de instrumentos que sean capaces de determinar el cúmulo de variables involucradas, medirlas y transformarlas en indicadores cuantitativos y cualitativos que aporten a un tablero de análisis de impacto provincial.</p>



<p class="has-text-align-left">Este proyecto propone la construcción de conocimiento a partir de diferentes estrategias y herramientas de relevamiento de información y datos, que posibiliten un análisis, procesamiento y ponderación de la situación actual, así como una predicción futura del estado de un territorio en términos sociales, económicos y productivos, en virtud de una&nbsp; circunstancia sanitaria como la generada por el COVID-19. En particular se considerará la región delimitada por los límites geográficos de la provincia del Chubut, ajustando la escala territorial a nivel de ciudades, pueblos,&nbsp; comunas rurales y potencialmente barrios y áreas rurales dispersas. La construcción de conocimiento, así como su modelado y sistematización tienen el objetivo de servir de insumo para la toma de decisiones de los actores políticos y sociales con capacidades para accionarlas. La construcción de modelos y la utilización de técnicas estadísticas y computacionales proporcionará las bases para el tratamiento espacio-temporal de los datos. Se prestará especial atención a la población vulnerable en el marco de la pandemia global, en virtud de tres necesidades.&nbsp;</p>



<p class="has-text-align-left">1- Dar seguimiento a la situación específica de grupos vulnerables a partir de la línea de base armada en el Informe de la Comisión de Ciencias Sociales de la Unidad COVID-19 del Mincyt en marzo del 2020<em>.&nbsp;</em></p>



<p class="has-text-align-left">2- Identificar necesidades específicas en tiempo real, a partir de cartografiar temáticamente situaciones problemáticas, actores intervinientes en la asistencia  e identificación de potenciales nudos críticos de dicha asistencia (insuficiencia, superposición, falta de coordinación). </p>



<p class="has-text-align-left">3- Se buscará establecer en virtud de las dos estrategias previas, el impacto social y económico sobre distintos actores en el territorio.</p>



<div class="wp-block-file"><a href="http://covid19.mdn.unp.edu.ar/wp-content/uploads/2020/10/Brief-de-proyecto.pdf">Resumen del Proyecto</a><a href="http://covid19.mdn.unp.edu.ar/wp-content/uploads/2020/10/Brief-de-proyecto.pdf" class="wp-block-file__button" download>Descarga</a></div>

<p>ANÁLISIS PROSPECTIVO INTELIGENTE DEL IMPACTO SOCIAL, ECONÓMICO Y PRODUCTIVO DEL COVID-19 EN LA PROVINCIA DE CHUBUT Directora: Dra. María Florencia Del Castillo Coordinador del Grupo de Informática e Inteligencia de datos: Dr. Ing. Leonardo Ordinez Coordinador del Grupo de Análisis de Sistemas de Información Geográfica: Dr. Julio Lancelotti Coordinador del Grupo de Análisis Ambiental: Dr. [&hellip;]</p>
